 is the greatest common divisor of d and 1?
1
Let o = -11833 + 15898. Calculate the greatest common factor of o and 30.
15
Suppose 3*f + 5*q - 146 = 0, 3*f - 4*q - 168 + 4 = 0. What is the greatest common factor of f and 130?
26
Let m be (52/48*-3)/(20/(-240)). Suppose -4*s = -4*v + 268, -5*s - 331 = -5*v - 2*s. What is the highest common factor of m and v?
13
Let u = 13 + 9. Let x(d) = 3*d**3 - 13*d**2 + 6*d + 40. Let k be x(8). Let r be (k/180)/((-4)/(-10)). What is the highest common factor of r and u?
11
Let y(s) = 462*s + 11. Let t be y(0). What is the highest common factor of t and 1408?
11
Suppose -9*z = -5*z + y - 10, -5 = z + 4*y. Suppose i + 0*j = 3*j + 41, 3*i + z*j - 159 = 0. Calculate the highest common factor of 175 and i.
25
Suppose -5*y + 3*y = 11*y - 4407. Calculate the greatest common factor of 1243 and y.
113
Suppose 0 = 1559*a - 1543*a - 1728. Calculate the greatest common divisor of 2556 and a.
36
Suppose -194*l + 593*l - 957 = 1836. Calculate the greatest common factor of l and 4109.
7
Suppose 0 = s - 5, -s - 314 = -3*o + s. Suppose -5*n = -5*d - 85, 4*n - 10 = -d + 33. Calculate the greatest common divisor of o and n.
12
Suppose 2*f = 5*i - 225 + 973, f = -i + 374. What is the highest common divisor of f and 153?
17
Let v be (10*-2)/(8/(-12)). Let y be ((-592)/(-24))/((-2)/81). Let i be -3 - 2*y/(-6)*-1. Calculate the greatest common divisor of i and v.
30
Let b be (-1)/((9 - 8) + (-58)/(-114)*-2). What is the greatest common divisor of b and 893?
19
Let j be 386/9457 - 667474/(-98). What is the greatest common divisor of 139 and j?
139
Suppose -5*k - 70 = -4*q, 44*q - 40*q + 2*k - 28 = 0. What is the greatest common factor of q and 1295?
5
Let h be (1*-4)/(12 - 14). Let s be (106 + h)*(-40)/(-30). Calculate the greatest common divisor of s and 9.
9
Suppose -12*l + 2*b - 15 = -13*l, 8*l + 5*b - 87 = 0. Calculate the greatest common factor of 144 and l.
9
Let q = -1399 - -1570. Calculate the greatest common divisor of q and 3.
3
Suppose -7*v + 9*v - 110 = 0. Suppose 0 = 59*q - v*q - 120. What is the highest common factor of 60 and q?
30
Let w be (-1918)/(-8) - (-4)/16. Suppose 0 = -3*n - 96 + w. What is the highest common divisor of 48 and n?
48
Let j = 12675 + -12007. What is the highest common divisor of j and 24382?
334
Let x(g) = -2*g**2 + 12. Let h be x(3). Let n(w) = w + 114. Let l be n(h). Calculate the highest common factor of 180 and l.
36
Let q(p) = -6*p - 88. Let x be q(-13). Let i(t) = t**3 + 12*t**2 + 10*t + 21. Let s be i(x). What is the highest common factor of 22 and s?
11
Suppose -4*y - 1010 = 3*i - 2658, 3*y + 4*i = 1229. Suppose -5*t = y + 120. Let d = -71 - t. Calculate the highest common divisor of d and 27.
9
Let s = -166 + 151. Let n = 85 + s. Let q be (28/10)/(2/20). What is the greatest common divisor of n and q?
14
Suppose -11 + 25 = -n. Let g be 13/91 - 2238/n. Suppose 2*f - 18 = 22. What is the greatest common factor of g and f?
20
Let l(p) = 10*p - 263. Let o be l(35). Calculate the greatest common factor of o and 51.
3
Let d be 162/(-2673) + (-1454)/(-33). What is the highest common divisor of 836 and d?
44
Suppose -6*w - 24 = -4*q, 183*q = 186*q - 3*w - 27. Let f = 7 - -2. Suppose 5*u - f = 2*u, -2*r = -5*u - 255. Calculate the highest common divisor of r and q.
15
Suppose -4*s - 3*h + 97 = 0, 43*h - 104 = -3*s + 47*h. Calculate the highest common divisor of 4732 and s.
28
Let x be ((-2 + 2)/(-1))/(8/4) + 465. Calculate the highest common divisor of 375 and x.
15
Suppose 9 = 5*c - 141. Suppose -2*x + 1006 - 826 = 0. What is the highest common divisor of x and c?
30
Suppose 3*k + 2390 = 2*s + k, -3*k - 5985 = -5*s. Calculate the highest common divisor of s and 525.
75
Suppose 3*g + 5*k + 58 = 0, -5*g - 4*k = -0*g + 101. Let s = 22 + g. Let y be (s/7)/((-9)/(-63)). Calculate the highest common divisor of y and 8.
1
Let o be -6 + 1 - 1430/(-143). Let y be 6/(-3)*(-3)/(-6). Let g be ((-768)/40)/(y/o). What is the highest common factor of 12 and g?
12
Suppose 15*x = -8 + 38. Suppose -3*g = -x*g - 5, 5*m - 260 = 5*g. What is the highest common factor of 456 and m?
57
Let o = 4134 + -4132. What is the highest common divisor of 86 and o?
2
Suppose -3*h + 7*o - 3*o + 48 = 0, 5*o = 0. Suppose -103 + 99 = -c. Suppose 151 = c*t + 23. What is the greatest common factor of h and t?
16
Let r = 15 + -15. Suppose -j + n - 1 = r, j + 2*n = -n + 11. Suppose -g + 69 = j*q - 12, 2*g = 4*q + 162. Calculate the greatest common divisor of 9 and g.
9
Suppose -c + 2*r = -220, -20*c + 21*c - 202 = -r. Calculate the highest common divisor of c and 10192.
208
Suppose 32*a - 182 = -54. Let v(i) = 4*i**3 - 8*i**2 - 7*i - 2. Let j be v(a). Calculate the greatest common divisor of 14 and j.
14
Suppose 2*t = o + 645, o - 122 - 190 = -t. Calculate the highest common factor of 198 and t.
11
Let k be (-39)/(-65) + (-12)/(-5). Suppose 46 = 4*j - k*j. What is the greatest common divisor of 23 and j?
23
Let u = 66 - 74. Let n(i) = -3*i - 13. Let h be n(u). What is the greatest common divisor of 11 and h?
11
Suppose 0*q - 6 = -3*q. Let k(x) = 12*x + 393. Let y be k(-33). Let c be y/q + (-14)/(-4). What is the greatest common divisor of c and 20?
2
Let u be (38/(-114) - 10/(-12))*(2 + 262). Calculate the greatest common divisor of 300 and u.
12
Suppose 17*u + 1054 - 554 = 806. Suppose p + 1 + 3 = 0. Let m be 64/10 + p/10. Calculate the highest common factor of m and u.
6
Let w(b) = 67*b**3 + 32*b**2 - 271*b - 12. Let r be w(6). Calculate the highest common divisor of r and 189.
189
Let p(m) = 121*m + 1. Let u be p(3). Suppose -j = 4*o - 16, -32*o + 35 = -29*o - 5*j. Suppose -o*r = -19*r + u. What is the greatest common divisor of r and 26?
26
Suppose 16*q - 1190 = 2202. Let k be 32/(-2)*(-583)/q. Calculate the greatest common divisor of k and 264.
44
Suppose 6*m - y - y = 158, -5 = 5*y. Suppose -5*q = 4*x - 2580, -4*q + q = -x + 662. What is the highest common factor of m and x?
26
Suppose 475 = -177*s + 3307. Suppose 0 = -5*i - t - t + 32, i - 3*t = 20. Calculate the greatest common factor of s and i.
8
Let q be 3612 - (-3)/((-10)/(320/(-24))). What is the greatest common factor of 16 and q?
16
Let w = -98 - -361. Let y = 358 - w. What is the highest common divisor of 5 and y?
5
Suppose -70*h - 42*h + 3027854 = -827746. What is the highest common divisor of 75 and h?
75
Suppose 4*w - 4*d = 688, -18*w + 14*w + 3*d + 681 = 0. What is the greatest common divisor of 880 and w?
55
Let o be (38/(-133))/(12/147)*(-432)/28. What is the highest common divisor of o and 102?
6
Suppose 14614 = 2*t - 3*q, -29236 = -4*t - q + 3*q. Calculate the greatest common factor of t and 34.
34
Let c(j) = 24 - 7*j**2 + 8*j**2 - 21*j + 6*j - 5*j. Let u be c(19). Suppose -r = u*l - 26, 3*r + 0*l = l + 46. Calculate the highest common factor of 12 and r.
4
Let o be (-24 + -1)*(-169416)/1560. What is the highest common factor of 15 and o?
15
Let x(r) = r**2 - r - 15. Let t be x(7). Let a be (15/25 + 534/10)/1. Calculate the greatest common factor of a and t.
27
Let o = -1930 - -1955. Let b(v) = -92*v - 11. Let z be b(-8). Calculate the highest common factor of z and o.
25
Suppose -97*r - 6578 = -123*r. Calculate the greatest common factor of r and 782.
23
Let y(c) = 1951*c + 97. Let o be y(1). What is the highest common divisor of o and 24?
8
Let d(a) = a**2 - a - 1. Let f(k) = k - 10. Let h(n) = d(n) - f(n). Let l be h(4). Let v = -328 + 481. Calculate the highest common factor of l and v.
17
Let r = 34678 + -34389. Calculate the highest common factor of 2567 and r.
17
Let b(g) = g**2 + 63*g + 165. Let k be b(0). Calculate the highest common divisor of k and 176.
11
Let t be (52/(-12)*6)/(4 + -2). Let y = -4 - t. Let h(u) = -u**3 + 6*u**2 - 2*u - 6. Let l be h(5). What is the greatest common factor of y and l?
9
Suppose d = -f + 374, 66*d - 62*d - 1484 = -f. Calculate the greatest common factor of 30 and d.
10
Suppose 0 = 56*u - 96*u + 216720. What is the highest common factor of 56 and u?
14
Suppose 0 = 2*a - 59 - 5. Suppose -5*g = 3*v - a, -5*g - 3*v = -3*g - 20. Let s be (-52)/(-8) - 2/g. Calculate the highest common divisor of s and 36.
6
Let m be 17/(272/848) - 8. Let f = -64 + 94. What is the highest common factor of m and f?
15
Suppose -54*y = -118